{"id":426,"date":"2012-05-17T00:32:04","date_gmt":"2012-05-16T22:32:04","guid":{"rendered":"http:\/\/www.pdgfc.de\/content\/?page_id=426"},"modified":"2021-04-21T18:16:52","modified_gmt":"2021-04-21T16:16:52","slug":"donnersberg-adlerbogen","status":"publish","type":"page","link":"https:\/\/www.pdgfc.de\/content\/?page_id=426","title":{"rendered":"Donnersberg Adlerbogen"},"content":{"rendered":"\n<figure id=\"AutoNumber2\" class=\"wp-block-table\"><table><tbody><tr><td>Startrichtung<\/td><td>SO<\/td><\/tr><tr><td>Flugger\u00e4t<\/td><td>Gleitschirm &amp; Drachen<\/td><\/tr><tr><td>H\u00f6henunterschied<\/td><td>160 m<\/td><\/tr><tr><td>Status<\/td><td>offen<\/td><\/tr><tr><td>Gel\u00e4ndeinhaber<\/td><td>1. PDGFC, FG. Stauf<\/td><\/tr><\/tbody><\/table><\/figure>\n\n\n\n<blockquote><ul>\n<li><a href=\"https:\/\/www.pdgfc.de\/content\/?page_id=9\">Flugbetriebsordnung<\/a><\/li>\n<li><a href=\"https:\/\/www.pdgfc.de\/content\/?page_id=8\">Zufahrts- und Parkregelung<\/a><\/li>\n<li><a href=\"https:\/\/www.pdgfc.de\/content\/?page_id=10\">Bilder<\/a><\/li>\n<li><a href=\"https:\/\/www.pdgfc.de\/content\/?page_id=36\">Luftrauminfo Donnersberg<\/a><\/li>\n<li><a title=\"Verhalten bei Baumlandungen\" href=\"https:\/\/www.pdgfc.de\/content\/wp-download\/Baumlandung_Donnersberg.pdf\" target=\"_blank\" rel=\"noopener\">Verhalten bei Baumlandungen<\/a><\/li>\n<\/ul><\/blockquote>\n\n\n\n<p><\/p>\n","protected":false},"excerpt":{"rendered":"<p>Startrichtung SO Flugger\u00e4t Gleitschirm &amp; Drachen H\u00f6henunterschied 160 m Status offen Gel\u00e4ndeinhaber 1. PDGFC, FG. Stauf Flugbetriebsordnung Zufahrts- und Parkregelung Bilder Luftrauminfo Donnersberg Verhalten bei Baumlandungen<\/p>\n","protected":false},"author":12,"featured_media":0,"parent":5,"menu_order":2,"comment_status":"closed","ping_status":"closed","template":"","meta":{"_s2mail":"yes","footnotes":""},"class_list":["post-426","page","type-page","status-publish","hentry"],"_links":{"self":[{"href":"https:\/\/www.pdgfc.de\/content\/index.php?rest_route=\/wp\/v2\/pages\/426","targetHints":{"allow":["GET"]}}],"collection":[{"href":"https:\/\/www.pdgfc.de\/content\/index.php?rest_route=\/wp\/v2\/pages"}],"about":[{"href":"https:\/\/www.pdgfc.de\/content\/index.php?rest_route=\/wp\/v2\/types\/page"}],"author":[{"embeddable":true,"href":"https:\/\/www.pdgfc.de\/content\/index.php?rest_route=\/wp\/v2\/users\/12"}],"replies":[{"embeddable":true,"href":"https:\/\/www.pdgfc.de\/content\/index.php?rest_route=%2Fwp%2Fv2%2Fcomments&post=426"}],"version-history":[{"count":17,"href":"https:\/\/www.pdgfc.de\/content\/index.php?rest_route=\/wp\/v2\/pages\/426\/revisions"}],"predecessor-version":[{"id":2385,"href":"https:\/\/www.pdgfc.de\/content\/index.php?rest_route=\/wp\/v2\/pages\/426\/revisions\/2385"}],"up":[{"embeddable":true,"href":"https:\/\/www.pdgfc.de\/content\/index.php?rest_route=\/wp\/v2\/pages\/5"}],"wp:attachment":[{"href":"https:\/\/www.pdgfc.de\/content\/index.php?rest_route=%2Fwp%2Fv2%2Fmedia&parent=426"}],"curies":[{"name":"wp","href":"https:\/\/api.w.org\/{rel}","templated":true}]}}