{"id":29,"date":"2008-06-10T07:10:27","date_gmt":"2008-06-10T05:10:27","guid":{"rendered":"http:\/\/www.pdgfc.de\/content\/?page_id=29"},"modified":"2016-03-09T03:45:00","modified_gmt":"2016-03-09T01:45:00","slug":"allg-informationen-hohenberg","status":"publish","type":"page","link":"https:\/\/www.pdgfc.de\/content\/?page_id=29","title":{"rendered":"allg. Infos Hohenberg (Annweiler)"},"content":{"rendered":"<p>Am Hohenberg kann leider <strong> nur mit dem Drachen<\/strong> gestartet werden, da aufgrund des speziellen Startplatzes <strong>kein<\/strong> Auslegen des Gleitschirms m\u00f6glich ist. Dieser Startplatz ist nicht zu verwechseln mit dem Gleitschirm-Startplatz der <a href=\"http:\/\/www.duddefliecher.de\/\" target=\"_blank\">Duddefliecher<\/a>.<\/p>\n<p>Die Piloten m\u00fcssen mindestens den beschr\u00e4nkten Luftfahrerschein (A-Schein) und eine Haftpflichtversicherung besitzen.<br \/>\nStart darf nur im Beisein von mindestens einem PDGFC-Mitglied erfolgen. Den Anweisungen der PDGFC-Mitglieder ist Folge zu leisten.<\/p>\n<p>Die Auffahrt zum Start darf nur mit Vereinsmitgliedern in maximal 3 PKW mit Fahrtberechtigung erfolgen.<\/p>\n<p>Die Auffahrt zum Hohenberg ist nur mit spezieller Fahrgenehmigung m\u00f6glich!<br \/>\nBitte nicht versuchen selbst hochzufahren, erstens findet Ihr den Weg nicht, und zweitens bekommen wir Probleme mit der Forstverwaltung.<\/p>\n<p>Wir treffen uns deshalb an der Landewiese von wo aus Fahrgemeinschaften von Clubmitgliedern gebildet werden, welche eine solche Fahrgenehmigung besitzen. Gastpiloten werden gerne mitgenommen.<br \/>\nAls kleine Aufwandsentsch\u00e4digung bekommt der Fahrer, welcher sein Auto auf den Hohenberg qu\u00e4lt, von seinen Mitfahrern EUR 5.- in seine Kasse (wiegt die Kosten f\u00fcr kaputte Sto\u00dfd\u00e4mpfer und abgerissene Auspufft\u00f6pfe nicht auf).<\/p>\n<p>Vor dem Flug sollten Lage Besonderheiten des <a href=\"https:\/\/www.pdgfc.de\/content\/?page_id=30\">Start- und Landeplatzes<\/a> gepr\u00fcft werden.<\/p>\n","protected":false},"excerpt":{"rendered":"<p>Am Hohenberg kann leider nur mit dem Drachen gestartet werden, da aufgrund des speziellen Startplatzes kein Auslegen des Gleitschirms m\u00f6glich ist. Dieser Startplatz ist nicht zu verwechseln mit dem Gleitschirm-Startplatz der Duddefliecher. Die Piloten m\u00fcssen mindestens den beschr\u00e4nkten Luftfahrerschein (A-Schein) und eine Haftpflichtversicherung besitzen. Start darf nur im Beisein von mindestens einem PDGFC-Mitglied erfolgen. Den &hellip; <a href=\"https:\/\/www.pdgfc.de\/content\/?page_id=29\" class=\"more-link\">Continue reading<span class=\"screen-reader-text\"> &#8220;allg. Infos Hohenberg (Annweiler)&#8221;<\/span><\/a><\/p>\n","protected":false},"author":6,"featured_media":0,"parent":434,"menu_order":0,"comment_status":"closed","ping_status":"closed","template":"","meta":{"_s2mail":"","footnotes":""},"class_list":["post-29","page","type-page","status-publish","hentry"],"_links":{"self":[{"href":"https:\/\/www.pdgfc.de\/content\/index.php?rest_route=\/wp\/v2\/pages\/29","targetHints":{"allow":["GET"]}}],"collection":[{"href":"https:\/\/www.pdgfc.de\/content\/index.php?rest_route=\/wp\/v2\/pages"}],"about":[{"href":"https:\/\/www.pdgfc.de\/content\/index.php?rest_route=\/wp\/v2\/types\/page"}],"author":[{"embeddable":true,"href":"https:\/\/www.pdgfc.de\/content\/index.php?rest_route=\/wp\/v2\/users\/6"}],"replies":[{"embeddable":true,"href":"https:\/\/www.pdgfc.de\/content\/index.php?rest_route=%2Fwp%2Fv2%2Fcomments&post=29"}],"version-history":[{"count":6,"href":"https:\/\/www.pdgfc.de\/content\/index.php?rest_route=\/wp\/v2\/pages\/29\/revisions"}],"predecessor-version":[{"id":1542,"href":"https:\/\/www.pdgfc.de\/content\/index.php?rest_route=\/wp\/v2\/pages\/29\/revisions\/1542"}],"up":[{"embeddable":true,"href":"https:\/\/www.pdgfc.de\/content\/index.php?rest_route=\/wp\/v2\/pages\/434"}],"wp:attachment":[{"href":"https:\/\/www.pdgfc.de\/content\/index.php?rest_route=%2Fwp%2Fv2%2Fmedia&parent=29"}],"curies":[{"name":"wp","href":"https:\/\/api.w.org\/{rel}","templated":true}]}}