{"id":12,"date":"2008-06-09T07:26:59","date_gmt":"2008-06-09T05:26:59","guid":{"rendered":"http:\/\/www.pdgfc.de\/content\/?page_id=12"},"modified":"2012-05-19T16:47:00","modified_gmt":"2012-05-19T14:47:00","slug":"zufahrts-und-parkregelung-stolzenberg-steckweiler","status":"publish","type":"page","link":"https:\/\/www.pdgfc.de\/content\/?page_id=12","title":{"rendered":"Zufahrts- und Parkregelung Stolzenberg (Steckweiler)"},"content":{"rendered":"<p>Von C\u00f6lln aus Richtung Osten. Beschilderung \u201eStolzenberger Hof\u201c folgen. Oben an Kreuzung links zum \u201eAussiedlerhof\u201c, dann rechts hinauf zum Startplatz hinter den Hecken parken<br \/>\n<strong><br \/>\nFu\u00dfweg zum Startplatz:<\/strong><\/p>\n<blockquote><p>Vom Landeplatz aus zun\u00e4chst in nordwestl. Richtung den Weg entlang bis ans Ende der Wiese. Dort geht rechts ein zun\u00e4chst 2m breiter Waldweg hinein. Diesem immer weiter folgen. Der Weg wird enger, biegt zun\u00e4chst nach rechts, dann nach links ab (Weg teilweise stark zugewachsen). Immer weiter bis auf geteerten Weg.<br \/>\nDort links, dem geteerten Weg ca. 200m folgen. Kurz vor dem Stolzenbergerhof, in einer Linkskurve, geht ein Weg zun\u00e4chst gerade aus, dann 180\u00b0 Rechtskurve ab in Richtung Flughang. Diesem ca. 200m folgen, dann scharf links hinauf. Dann Trampelpfad schr\u00e4g durch den Hang hinauf zum Startplatz.<br \/>\nZeitbedarf mit Schirm ca. 25 min.<\/p>\n<p>Wenn man sich abholen l\u00e4sst, bitte vom Landeplatz aus in s\u00fcdl. Richtung bis zum Bahn\u00fcbergang vorlaufen. Nicht in den Feldweg hineinfahren!<\/p><\/blockquote>\n","protected":false},"excerpt":{"rendered":"<p>Von C\u00f6lln aus Richtung Osten. Beschilderung \u201eStolzenberger Hof\u201c folgen. Oben an Kreuzung links zum \u201eAussiedlerhof\u201c, dann rechts hinauf zum Startplatz hinter den Hecken parken Fu\u00dfweg zum Startplatz: Vom Landeplatz aus zun\u00e4chst in nordwestl. Richtung den Weg entlang bis ans Ende der Wiese. Dort geht rechts ein zun\u00e4chst 2m breiter Waldweg hinein. Diesem immer weiter folgen. &hellip; <a href=\"https:\/\/www.pdgfc.de\/content\/?page_id=12\" class=\"more-link\">Continue reading<span class=\"screen-reader-text\"> &#8220;Zufahrts- und Parkregelung Stolzenberg (Steckweiler)&#8221;<\/span><\/a><\/p>\n","protected":false},"author":6,"featured_media":0,"parent":432,"menu_order":4,"comment_status":"closed","ping_status":"closed","template":"","meta":{"_s2mail":"","footnotes":""},"class_list":["post-12","page","type-page","status-publish","hentry"],"_links":{"self":[{"href":"https:\/\/www.pdgfc.de\/content\/index.php?rest_route=\/wp\/v2\/pages\/12","targetHints":{"allow":["GET"]}}],"collection":[{"href":"https:\/\/www.pdgfc.de\/content\/index.php?rest_route=\/wp\/v2\/pages"}],"about":[{"href":"https:\/\/www.pdgfc.de\/content\/index.php?rest_route=\/wp\/v2\/types\/page"}],"author":[{"embeddable":true,"href":"https:\/\/www.pdgfc.de\/content\/index.php?rest_route=\/wp\/v2\/users\/6"}],"replies":[{"embeddable":true,"href":"https:\/\/www.pdgfc.de\/content\/index.php?rest_route=%2Fwp%2Fv2%2Fcomments&post=12"}],"version-history":[{"count":3,"href":"https:\/\/www.pdgfc.de\/content\/index.php?rest_route=\/wp\/v2\/pages\/12\/revisions"}],"predecessor-version":[{"id":515,"href":"https:\/\/www.pdgfc.de\/content\/index.php?rest_route=\/wp\/v2\/pages\/12\/revisions\/515"}],"up":[{"embeddable":true,"href":"https:\/\/www.pdgfc.de\/content\/index.php?rest_route=\/wp\/v2\/pages\/432"}],"wp:attachment":[{"href":"https:\/\/www.pdgfc.de\/content\/index.php?rest_route=%2Fwp%2Fv2%2Fmedia&parent=12"}],"curies":[{"name":"wp","href":"https:\/\/api.w.org\/{rel}","templated":true}]}}