{"id":10,"date":"2008-06-09T07:25:24","date_gmt":"2008-06-09T05:25:24","guid":{"rendered":"http:\/\/www.pdgfc.de\/content\/?page_id=10"},"modified":"2016-12-29T14:59:15","modified_gmt":"2016-12-29T12:59:15","slug":"bilder-donnersberg-moltkefelsen-adlerbogen","status":"publish","type":"page","link":"https:\/\/www.pdgfc.de\/content\/?page_id=10","title":{"rendered":"Bilder Donnersberg Moltkefelsen (Adlerbogen)"},"content":{"rendered":"<p style=\"text-align: center;\"><a href=\"https:\/\/www.pdgfc.de\/content\/wp-bilder\/FotosMoltkefelsen\/Adlerbogen.jpg\"><img loading=\"lazy\" decoding=\"async\" alt=\"Adlerbogen.jpg\" src=\"https:\/\/www.pdgfc.de\/content\/wp-bilder\/FotosMoltkefelsen\/t_Adlerbogen.jpg\" width=\"400\" height=\"287\" border=\"0\" \/><\/a><br \/>\nStartplatz Moltkefelsen Blickrichtung NO mit Adlerbogen<\/p>\n<p style=\"text-align: center;\"><strong>Wichtiger Hinweis:<\/strong> Der auf dem Foto eingezeichnete Drachen-Landeplatz &#8220;Flugschule Donnersberg Ultralightgel\u00e4nde&#8221; steht bis auf weiteres nicht mehr zur Verf\u00fcgung. <a title=\"Zur Beachtung: ehemaliger Landeplatz (Hermann) \u2013 Ultraleicht\/MoSchi \u2013 wurde umgepfl\u00fcgt\" href=\"https:\/\/www.pdgfc.de\/content\/?p=1211\">Weitere Informationen und Ausweichm\u00f6glichkeiten&#8230;<\/a><\/p>\n<p>&nbsp;<\/p>\n<p style=\"text-align: center;\"><a href=\"https:\/\/www.pdgfc.de\/content\/wp-bilder\/FotosMoltkefelsen\/Moltke-Lee.jpg\"><img loading=\"lazy\" decoding=\"async\" alt=\"Moltke-Lee.jpg\" src=\"https:\/\/www.pdgfc.de\/content\/wp-bilder\/FotosMoltkefelsen\/t_Moltke-Lee.jpg\" width=\"400\" height=\"287\" border=\"0\" \/><\/a><br \/>\nLEE Gefahr bei S\u00fcdwind!!! Blickrichtung S\u00fcd<\/p>\n<p>&nbsp;<\/p>\n<p style=\"text-align: center;\"><a href=\"https:\/\/www.pdgfc.de\/content\/wp-bilder\/FotosMoltkefelsen\/MoltkeBlickSued.jpg\"><img loading=\"lazy\" decoding=\"async\" alt=\"MoltkeBlickS\u00fcd.jpg\" src=\"https:\/\/www.pdgfc.de\/content\/wp-bilder\/FotosMoltkefelsen\/t_MoltkeBlickSued.jpg\" width=\"400\" height=\"287\" border=\"0\" \/><\/a><br \/>\nStartplatz Moltkefelsen Blickrichtung S\u00fcd<\/p>\n<p>&nbsp;<\/p>\n<p style=\"text-align: center;\"><a href=\"https:\/\/www.pdgfc.de\/content\/wp-bilder\/FotosMoltkefelsen\/MoltkeLandeUnten.jpg\"><img loading=\"lazy\" decoding=\"async\" alt=\"MoltkeLandeUnten.jpg\" src=\"https:\/\/www.pdgfc.de\/content\/wp-bilder\/FotosMoltkefelsen\/t_MoltkeLandeUnten.jpg\" width=\"400\" height=\"287\" border=\"0\" \/><\/a><br \/>\nLandeplatz Moltkefelsen<\/p>\n<p>&nbsp;<\/p>\n<p style=\"text-align: center;\"><a href=\"https:\/\/www.pdgfc.de\/content\/wp-bilder\/FotosMoltkefelsen\/MoltkeLandeplatz.jpg\"><img loading=\"lazy\" decoding=\"async\" alt=\"MoltkeLandeplatz.jpg\" src=\"https:\/\/www.pdgfc.de\/content\/wp-bilder\/FotosMoltkefelsen\/t_MoltkeLandeplatz.jpg\" width=\"400\" height=\"287\" border=\"0\" \/><\/a><br \/>\nLEE Gefahr bei S\u00fcdwind!!! Blickrichtung Ost<\/p>\n<p>&nbsp;<\/p>\n<p style=\"text-align: center;\"><a href=\"https:\/\/www.pdgfc.de\/content\/wp-bilder\/FotosMoltkefelsen\/MoltkeStart2.jpg\"><img loading=\"lazy\" decoding=\"async\" alt=\"MoltkeStart2.jpg\" src=\"https:\/\/www.pdgfc.de\/content\/wp-bilder\/FotosMoltkefelsen\/t_MoltkeStart2.jpg\" width=\"400\" height=\"287\" border=\"0\" \/><\/a><br \/>\nStartplatz Moltkfelsen<\/p>\n<p>&nbsp;<\/p>\n<p style=\"text-align: center;\"><a href=\"https:\/\/www.pdgfc.de\/content\/wp-bilder\/FotosMoltkefelsen\/MoltkeStart3.jpg\"><img loading=\"lazy\" decoding=\"async\" alt=\"MoltkeStart3.jpg\" src=\"https:\/\/www.pdgfc.de\/content\/wp-bilder\/FotosMoltkefelsen\/t_MoltkeStart3.jpg\" width=\"400\" height=\"287\" border=\"0\" \/><\/a><br \/>\nStartplatz Moltkfelsen<\/p>\n<p>&nbsp;<\/p>\n<p style=\"text-align: center;\"><a href=\"https:\/\/www.pdgfc.de\/content\/wp-bilder\/FotosMoltkefelsen\/StartMoltkeBlickSO.jpg\"><img loading=\"lazy\" decoding=\"async\" alt=\"StartMoltkeBlickSO.jpg\" src=\"https:\/\/www.pdgfc.de\/content\/wp-bilder\/FotosMoltkefelsen\/t_StartMoltkeBlickSO.jpg\" width=\"400\" height=\"287\" border=\"0\" \/><\/a><br \/>\nStartplatz Moltkefelsen Blickrichtung SO<\/p>\n<p>&nbsp;<\/p>\n<p style=\"text-align: center;\"><a href=\"https:\/\/www.pdgfc.de\/content\/wp-bilder\/FotosMoltkefelsen\/UebersichtDobergOst.jpg\"><img loading=\"lazy\" decoding=\"async\" alt=\"UebersichtDobergOst.jpg\" src=\"https:\/\/www.pdgfc.de\/content\/wp-bilder\/FotosMoltkefelsen\/t_UebersichtDobergOst.jpg\" width=\"400\" height=\"287\" border=\"0\" \/><\/a><br \/>\nBlick auf den Donnersberg von Osten<\/p>\n<p>&nbsp;<\/p>\n<p style=\"text-align: center;\"><a href=\"https:\/\/www.pdgfc.de\/content\/wp-bilder\/FotosMoltkefelsen\/UebersichtMoltkefelsen.jpg\"><img loading=\"lazy\" decoding=\"async\" alt=\"UebersichtMoltkefelsen.jpg\" src=\"https:\/\/www.pdgfc.de\/content\/wp-bilder\/FotosMoltkefelsen\/t_UebersichtMoltkefelsen.jpg\" width=\"400\" height=\"287\" border=\"0\" \/><\/a><br \/>\nBlick auf den Moltkefelsen<\/p>\n","protected":false},"excerpt":{"rendered":"<p>Startplatz Moltkefelsen Blickrichtung NO mit Adlerbogen Wichtiger Hinweis: Der auf dem Foto eingezeichnete Drachen-Landeplatz &#8220;Flugschule Donnersberg Ultralightgel\u00e4nde&#8221; steht bis auf weiteres nicht mehr zur Verf\u00fcgung. Weitere Informationen und Ausweichm\u00f6glichkeiten&#8230; &nbsp; LEE Gefahr bei S\u00fcdwind!!! Blickrichtung S\u00fcd &nbsp; Startplatz Moltkefelsen Blickrichtung S\u00fcd &nbsp; Landeplatz Moltkefelsen &nbsp; LEE Gefahr bei S\u00fcdwind!!! Blickrichtung Ost &nbsp; Startplatz Moltkfelsen &nbsp; &hellip; <a href=\"https:\/\/www.pdgfc.de\/content\/?page_id=10\" class=\"more-link\">Continue reading<span class=\"screen-reader-text\"> &#8220;Bilder Donnersberg Moltkefelsen (Adlerbogen)&#8221;<\/span><\/a><\/p>\n","protected":false},"author":6,"featured_media":0,"parent":426,"menu_order":8,"comment_status":"closed","ping_status":"closed","template":"","meta":{"_s2mail":"yes","footnotes":""},"class_list":["post-10","page","type-page","status-publish","hentry"],"_links":{"self":[{"href":"https:\/\/www.pdgfc.de\/content\/index.php?rest_route=\/wp\/v2\/pages\/10","targetHints":{"allow":["GET"]}}],"collection":[{"href":"https:\/\/www.pdgfc.de\/content\/index.php?rest_route=\/wp\/v2\/pages"}],"about":[{"href":"https:\/\/www.pdgfc.de\/content\/index.php?rest_route=\/wp\/v2\/types\/page"}],"author":[{"embeddable":true,"href":"https:\/\/www.pdgfc.de\/content\/index.php?rest_route=\/wp\/v2\/users\/6"}],"replies":[{"embeddable":true,"href":"https:\/\/www.pdgfc.de\/content\/index.php?rest_route=%2Fwp%2Fv2%2Fcomments&post=10"}],"version-history":[{"count":6,"href":"https:\/\/www.pdgfc.de\/content\/index.php?rest_route=\/wp\/v2\/pages\/10\/revisions"}],"predecessor-version":[{"id":1745,"href":"https:\/\/www.pdgfc.de\/content\/index.php?rest_route=\/wp\/v2\/pages\/10\/revisions\/1745"}],"up":[{"embeddable":true,"href":"https:\/\/www.pdgfc.de\/content\/index.php?rest_route=\/wp\/v2\/pages\/426"}],"wp:attachment":[{"href":"https:\/\/www.pdgfc.de\/content\/index.php?rest_route=%2Fwp%2Fv2%2Fmedia&parent=10"}],"curies":[{"name":"wp","href":"https:\/\/api.w.org\/{rel}","templated":true}]}}